32764?
2, 8191
What are the prime factors of 30093?
3, 7, 1433
List the prime factors of 5493.
3, 1831
What are the prime factors of 760?
2, 5, 19
What are the prime factors of 41210?
2, 5, 13, 317
What are the prime factors of 1438?
2, 719
What are the prime factors of 492?
2, 3, 41
What are the prime factors of 202864?
2, 31, 409
What are the prime factors of 526?
2, 263
List the prime factors of 7969.
13, 613
List the prime factors of 25240.
2, 5, 631
What are the prime factors of 2383?
2383
What are the prime factors of 330?
2, 3, 5, 11
What are the prime factors of 181?
181
List the prime factors of 42092.
2, 17, 619
What are the prime factors of 3079?
3079
What are the prime factors of 3975?
3, 5, 53
What are the prime factors of 9238?
2, 31, 149
What are the prime factors of 12500?
2, 5
List the prime factors of 23035.
5, 17, 271
List the prime factors of 161.
7, 23
List the prime factors of 102209.
179, 571
What are the prime factors of 1153?
1153
What are the prime factors of 2067?
3, 13, 53
List the prime factors of 1111.
11, 101
What are the prime factors of 28444?
2, 13, 547
What are the prime factors of 83?
83
What are the prime factors of 1620?
2, 3, 5
What are the prime factors of 4636?
2, 19, 61
List the prime factors of 9041.
9041
List the prime factors of 2447.
2447
List the prime factors of 3044.
2, 761
What are the prime factors of 26875?
5, 43
List the prime factors of 91.
7, 13
List the prime factors of 37261.
7, 5323
List the prime factors of 38938.
2, 19469
What are the prime factors of 6072?
2, 3, 11, 23
What are the prime factors of 45229?
31, 1459
List the prime factors of 6668.
2, 1667
List the prime factors of 37335.
3, 5, 19, 131
List the prime factors of 37809.
3, 4201
List the prime factors of 5764.
2, 11, 131
What are the prime factors of 34032?
2, 3, 709
List the prime factors of 984.
2, 3, 41
List the prime factors of 16035.
3, 5, 1069
What are the prime factors of 784?
2, 7
What are the prime factors of 2249?
13, 173
What are the prime factors of 5829?
3, 29, 67
What are the prime factors of 24087?
3, 7, 31, 37
List the prime factors of 4810.
2, 5, 13, 37
List the prime factors of 1745.
5, 349
List the prime factors of 35267.
35267
What are the prime factors of 2485?
5, 7, 71
What are the prime factors of 146?
2, 73
What are the prime factors of 2678?
2, 13, 103
List the prime factors of 28557.
3, 19, 167
What are the prime factors of 64222?
2, 163, 197
What are the prime factors of 21461?
11, 1951
What are the prime factors of 76968?
2, 3, 1069
List the prime factors of 21247.
21247
List the prime factors of 2470.
2, 5, 13, 19
List the prime factors of 3334.
2, 1667
What are the prime factors of 4380?
2, 3, 5, 73
List the prime factors of 6135.
3, 5, 409
What are the prime factors of 94878?
2, 3, 7, 251
List the prime factors of 4240.
2, 5, 53
What are the prime factors of 1301?
1301
What are the prime factors of 1744?
2, 109
List the prime factors of 43251.
3, 13, 1109
List the prime factors of 408.
2, 3, 17
What are the prime factors of 31864?
2, 7, 569
What are the prime factors of 19118?
2, 11, 79
What are the prime factors of 30375?
3, 5
List the prime factors of 72257.
19, 3803
List the prime factors of 150281.
67, 2243
What are the prime factors of 80220?
2, 3, 5, 7, 191
What are the prime factors of 2154?
2, 3, 359
List the prime factors of 1431.
3, 53
What are the prime factors of 10414?
2, 41, 127
List the prime factors of 39249.
3, 7, 89
List the prime factors of 2517.
3, 839
What are the prime factors of 12174?
2, 3, 2029
What are the prime factors of 7096?
2, 887
List the prime factors of 18581.
17, 1093
What are the prime factors of 109666?
2, 54833
List the prime factors of 4668.
2, 3, 389
What are the prime factors of 5235?
3, 5, 349
List the prime factors of 2531.
2531
What are the prime factors of 1297?
1297
What are the prime factors of 785?
5, 157
What are the prime factors of 1524?
2, 3, 127
List the prime factors of 12853.
12853
List the prime factors of 604.
2, 151
List the prime factors of 11472.
2, 3, 239
What are the prime factors of 8564?
2, 2141
What are the prime factors of 14175?
3, 5, 7
List the prime factors of 35486.
2, 11, 1613
List the prime factors of 229.
229
What are the prime factors of 1133?
11, 103
List the prime factors of 883.
883
List the prime factors of 1420.
2, 5, 71
List the prime factors of 3864.
2, 3, 7, 23
What are the prime factors of 24871?
7, 11, 17, 19
List the prime factors of 8659.
7, 1237
What are the prime factors of 478?
2, 239
List the prime factors of 18042.
2, 3, 31, 97
List the prime factors of 613.
613
List the prime factors of 56437.
56437
List the prime factors of 24200.
2, 5, 11
What are the prime factors of 1997?
1997
List the prime factors of 76335.
3, 5, 7, 727
List the prime factors of 2711.
2711
What are the prime factors of 130701?
3, 19, 2293
What are the prime factors of 3169?
3169
List the prime factors of 892.
2, 223
List the prime factors of 4850.
2, 5, 97
List the prime factors of 550.
2, 5, 11
What are the prime factors of 433?
433
List the prime factors of 26.
2, 13
What are the prime factors of 2231?
23, 97
List the prime factors of 7085.
5, 13, 109
List the prime factors of 57012.
2, 3, 4751
What are the prime factors of 1473?
3, 491
What are the prime factors of 966?
2, 3, 7, 23
What are the prime factors of 42711?
3, 23, 619
List the prime factors of 87.
3, 29
List the prime factors of 11032.
2, 7, 197
What are the prime factors of 29438?
2, 41, 359
What are the prime factors of 1156?
2, 17
What are the prime factors of 908?
2, 227
List the prime factors of 6080.
2, 5, 19
What are the prime factors of 72266?
2, 23, 1571
List the prime factors of 11613.
3, 7, 79
What are the prime factors of 3897?
3, 433
What are the prime factors of 864?
2, 3
List the prime factors of 110557.
110557
What are the prime factors of 1721?
1721
List the prime factors of 27173.
29, 937
What are the prime factors of 5588?
2, 11, 127
What are the prime factors of 259?
7, 37
What are the prime factors of 2187?
3
List the prime factors of 20413.
137, 149
List the prime factors of 36974.
2, 7, 19, 139
What are the prime factors of 74?
2, 37
What are the prime factors of 2032?
2, 127
What are the prime factors of 629?
17, 37
What are the prime factors of 86054?
2, 17, 2531
List the prime factors of 2716.
2, 7, 97
List the prime factors of 1252.
2, 313
List the prime factors of 26624.
2, 13
List the prime factors of 8066.
2, 37, 109
What are the prime factors of 830?
2, 5, 83
List the prime factors of 13500.
2, 3, 5
What are the prime factors of 2322?
2, 3, 43
List the prime factors of 1434.
2, 3, 239
What are the prime factors of 30446?
2, 13, 1171
List the prime factors of 29522.
2, 29, 509
List the prime factors of 1300.
2, 5, 13
List the prime factors of 6054.
2, 3, 1009
What are the prime factors of 1197?
3, 7, 19
List the prime factors of 5596.
2, 1399
List the prime factors of 1632.
2, 3, 17
What are the prime factors of 923?
13, 71
What are the prime factors of 3886?
2, 29, 67
What are the prime factors of 650?
2, 5, 13
List the prime factors of 15644.
2, 3911
What are the prime factors of 72571?
31, 2341
What are the prime factors of 5230?
2, 5, 523
List the prime factors of 3033.
3, 337
List the prime factors of 500.
2, 5
What are the prime factors of 33868?
2, 8467
What are the prime factors of 5062?
2, 2531
List the prime factors of 24686.
2, 12343
What are the prime factors of 9267?
3, 3089
What are the prime factors of 1135?
5, 227
What are the prime factors of 15508?
2, 3877
List the prime factors of 3095.
5, 619
List the prime factors of 2937.
3, 11, 89
List the prime factors of 244.
2, 61
What are the prime factors of 1122?
2, 3, 11, 17
List the prime factors of 1581.
3, 17, 31
What are the prime factors of 69171?
3, 23057
What are the prime factors of 50633?
11, 4603
What are the prime factors of 1425?
3, 5, 19
What are the prime factors of 131795?
5, 43, 613
What are the prime factors of 5514?
2, 3, 919
What are the prime factors of 21146?
2, 97, 109
What are the prime factors of 26?
2, 13
List the prime factors of 127651.
107, 1193
What are the prime factors of 26885?
5, 19, 283
What are the prime factors of 947?
947
List the p